7 composite?
False
Is 493865 a prime number?
False
Is 11311 composite?
False
Is 14959 prime?
False
Is 540317 prime?
False
Is 6841 a composite number?
False
Is 178289 composite?
False
Is 27641 prime?
False
Is 2933 a composite number?
True
Is 2039 composite?
False
Is 63059 composite?
False
Is 225341 composite?
False
Is 29686 composite?
True
Is 1806865 a composite number?
True
Is 634969 a composite number?
False
Is 90931 a composite number?
False
Is 51081 a prime number?
False
Is 134471 a composite number?
False
Is 24929 a prime number?
False
Is 11435 composite?
True
Is 106903 a prime number?
True
Is 3433 a prime number?
True
Is 154723 a prime number?
True
Is 80309 a prime number?
True
Is 298 composite?
True
Is 152479 prime?
False
Is 2631467 a prime number?
True
Is 149803 a prime number?
True
Is 34723 prime?
False
Is 136999 prime?
True
Is 23969 a prime number?
False
Is 1133 composite?
True
Is 4667 prime?
False
Is 1646002 composite?
True
Is 66059 a prime number?
False
Is 99461 a composite number?
True
Is 20198 a composite number?
True
Is 915113 composite?
False
Is 2033459 a prime number?
True
Is 10061 a composite number?
False
Is 69229 prime?
False
Is 24611 a composite number?
False
Is 7835 a prime number?
False
Is 82034 a composite number?
True
Is 208877 prime?
True
Is 16871 a composite number?
False
Is 20159 a composite number?
True
Is 7607 a prime number?
True
Is 116605 composite?
True
Is 10007 composite?
False
Is 5381 a composite number?
False
Is 21877 a prime number?
False
Is 1647935 composite?
True
Is 43141 prime?
False
Is 369506 a composite number?
True
Is 785903 a prime number?
True
Is 14393 a prime number?
False
Is 8777 a composite number?
True
Is 895201 a composite number?
True
Is 574903 a composite number?
True
Is 57037 a composite number?
False
Is 439117 a composite number?
True
Is 85381 a prime number?
True
Is 19373 prime?
True
Is 40759 a composite number?
False
Is 3239 prime?
False
Is 3037 a prime number?
True
Is 466603 composite?
False
Is 23549 a prime number?
True
Is 16003 prime?
False
Is 469 a composite number?
True
Is 19339 a prime number?
False
Is 739 a prime number?
True
Is 1097483 a prime number?
True
Is 16526 a prime number?
False
Is 267941 composite?
False
Is 11219 prime?
False
Is 938183 prime?
True
Is 1841 a composite number?
True
Is 77839 prime?
True
Is 4187 composite?
True
Is 12687 composite?
True
Is 1572607 a prime number?
True
Is 52907 a composite number?
True
Is 28739 composite?
True
Is 278079 prime?
False
Is 5953 a composite number?
False
Is 3299 a prime number?
True
Is 16622 prime?
False
Is 370003 a composite number?
False
Is 933 composite?
True
Is 499819 a composite number?
False
Is 37667 a composite number?
True
Is 105121 a prime number?
False
Is 1717 a prime number?
False
Is 2179 composite?
False
Is 5069 a composite number?
True
Is 269419 a composite number?
False
Is 3433 a composite number?
False
Is 18629 a composite number?
True
Is 14669 a prime number?
True
Is 4555 a composite number?
True
Is 21327 prime?
False
Is 95429 composite?
False
Is 1386263 a prime number?
True
Is 5773 a composite number?
True
Is 176279 a composite number?
True
Is 7261 a composite number?
True
Is 7121 a prime number?
True
Is 3590929 prime?
True
Is 63517 a composite number?
True
Is 58969 prime?
False
Is 1079147 a composite number?
False
Is 89753 prime?
True
Is 23269 a prime number?
True
Is 15419 a composite number?
True
Is 224255 prime?
False
Is 61511 a composite number?
False
Is 6581 a composite number?
False
Is 29989 prime?
True
Is 73327 a composite number?
False
Is 1753 a composite number?
False
Is 35729 composite?
False
Is 1777 a prime number?
True
Is 3543 composite?
True
Is 5669 composite?
False
Is 1303791 prime?
False
Is 68245 a prime number?
False
Is 6887 composite?
True
Is 787 a prime number?
True
Is 157543 prime?
True
Is 35671 a composite number?
False
Is 32491 a prime number?
True
Is 18899 a prime number?
True
Is 336169 a composite number?
True
Is 412717 composite?
False
Is 593727 composite?
True
Is 92077 a prime number?
True
Is 1352981 prime?
False
Is 668849 prime?
False
Is 113521 prime?
False
Is 24061 prime?
True
Is 118453 prime?
True
Is 35591 prime?
True
Is 291143 composite?
False
Is 467639 a composite number?
True
Is 147331 prime?
True
Is 868629 a prime number?
False
Is 144517 a prime number?
False
Is 527785 a prime number?
False
Is 23269 a composite number?
False
Is 44581 composite?
True
Is 15031 prime?
True
Is 130457 prime?
True
Is 2767 a composite number?
False
Is 670447 a composite number?
False
Is 85781 a composite number?
False
Is 805829 composite?
True
Is 7621 a prime number?
True
Is 198427 prime?
True
Is 1087 a composite number?
False
Is 2355971 a composite number?
False
Is 386963 prime?
True
Is 430259 prime?
True
Is 5953 a prime number?
True
Is 112751 composite?
True
Is 21031 a composite number?
False
Is 91414 a composite number?
True
Is 756227 prime?
True
Is 19661 composite?
False
Is 17273 a composite number?
True
Is 21313 composite?
False
Is 39001 composite?
True
Is 512497 a prime number?
True
Is 6767621 a prime number?
False
Is 2307 a composite number?
True
Is 60251 prime?
True
Is 2477 a prime number?
True
Is 19121 prime?
True
Is 70657 a composite number?
False
Is 517 a composite number?
True
Is 209713 a prime number?
False
Is 23099 prime?
True
Is 14207 composite?
False
Is 74219 prime?
True
Is 4091 composite?
False
Is 82757 a prime number?
True
Is 19933 a prime number?
False
Is 71035 prime?
False
Is 144787 a composite number?
True
Is 44861 prime?
False
Is 1119 composite?
True
Is 507881 a prime number?
False
Is 857099 a prime number?
True
Is 527623 a prime number?
True
Is 2611 a composite number?
True
Is 107197 prime?
True
Is 195883 a composite number?
False
Is 97367 a prime number?
True
Is 233819 a prime number?
False
Is 442439 a composite number?
False
Is 2433791 a prime number?
False
Is 300739 prime?
True
Is 39019 composite?
False
Is 923137 composite?
False
Is 1657 a composite number?
False
Is 8999 composite?
False
Is 22303 a composite number?
False
Is 600097 a composite number?
True
Is 31757 a prime number?
False
Is 59581 a composite number?
False
Is 41443 prime?
True
Is 17247 prime?
False
Is 3841603 a prime number?
True
Is 1459 a prime number?
True
Is 71191 composite?
False
Is 16811 a prime number?
True
Is 105977 a prime number?
True
Is 11863 composite?
False
Is 48819 prime?
False
Is 74149 composite?
False
Is 128837 composite?
False
Is 23573 a composite number?
True
Is 26749 prime?
False
Is 25247 composite?
False
Is 126059 a composite number?
True
Is 78977 a prime number?
True
Is 12757 composite?
False
Is 21313 a prime number?
True
Is 24907 a prime number?
True
Is 46955 composite?
True
Is 2081 a composite number?
False
Is 447494 a prime number?
False
Is 7993 composite?
False
Is 177167 a composite number?
False
Is 136963 a composite number?
False
Is 1917129 prime?
False
Is 93349 composite?
True
Is 161951 a prime number?
False
Is 4939 a prime number?
False
Is 331 a prime number?
True
Is 5399 a composite number?
False
Is 262853 a composite number?
False
Is 53771 a composite number?
True
Is 310047 a prime number?
False
Is 16477 a prime number?
True
Is 76334 prime?
False
Is 565 composite?
True
Is 2548891 composite?
False
Is 66223 a composite number?
True
Is 426563 prime?
True
Is 8561 a composite number?
True
Is 183745 composite?
True
Is 18519 prime?
False
Is 55439 prime?
True
Is 11771 a composite number?
True
Is 475469 composite?
False
Is 72994 composite?
True
Is 1397 composite?
True
Is 9655 composite?
True
Is 2334863 a composite number?
False
Is 125183 prime?
True
Is 514217 a composite number?
True
Is 10847 a composite number?
False
Is 30574 composite?
True
Is 8765 prime?
False
Is 116789 a composite number?
False
Is 150151 a prime number?
True
Is 249497 a composite number?
False
Is 13811 a composite number?
True
Is 971639 a prime number?
True
Is 5737 a composite number?
False
Is 2183063 a prime number?
True
Is 541 prime?
True
Is 173422 a composite number?
True
Is 11851 prime?
False
Is 319919 a composite number?
False
Is 34939 a prime number?
True
Is 5513 a prime number?
False
Is 10099 a composite number?
False
Is 5039 prime?
True
Is 1115 composite?
True
Is 6583 composite?
True
Is 27413 prime?
False
Is 20467 